 -3209. What is the units digit of n?
2
Suppose -2*f + 9683 = 3*y, -4*y - 5*f + 10220 = -2700. What is the tens digit of y?
2
Suppose -262*c - 4099889 + 833285 = -375*c. What is the hundreds digit of c?
9
Let g(a) = a**3 - 22*a**2 - 70*a - 414. What is the hundreds digit of g(34)?
0
Suppose -3*s = 5*v - 5850, 4*v - 5*v = 3*s - 5826. What is the tens digit of s?
4
Let o = -69 - -71. Suppose o*j - 14*j = -5892. What is the tens digit of j?
9
Let g(o) = 1749*o - 11531. What is the thousands digit of g(43)?
3
Suppose -3*o + 1 + 2 = 4*m, o + m = 0. Let a(t) = 122*t - 40. Let p(f) = 24*f - 8. Let w(d) = 3*a(d) - 16*p(d). What is the units digit of w(o)?
2
What is the units digit of 760900/161 + 56/(-644)?
6
Let g be (2*-7)/(24/(-3144)). Suppose -2362 = -5*v + 3*p, -3*v + 5*p = 404 - g. What is the tens digit of v?
7
Let k(g) be the third derivative of 1/30*g**5 - 31/6*g**3 + 0*g + 7/4*g**4 + 0 + 23*g**2. What is the hundreds digit of k(-24)?
1
Let x(a) = a**2 + 3*a + 5. Let r be x(0). Suppose 2*l = 3*y + 22, 4*y + r*l = -6 - 8. What is the tens digit of ((-15)/y)/((-7)/(-126))?
4
Suppose -6766 - 9331 = -o. What is the tens digit of o?
9
Suppose 5*m + 169 + 724 = 2*v, 2*v + 2*m - 928 = 0. Let q = 1194 - v. What is the hundreds digit of q?
7
Suppose 88*p = 82*p + 378. Suppose r - p - 8 = 0. What is the tens digit of r?
7
Suppose -2*x + 61 = 17*m - 14*m, 149 = 5*x + 4*m. Let q be (-1 + 78/(-4))*-2. Let y = q - x. What is the tens digit of y?
1
Let y(i) be the third derivative of -i**6/120 - 11*i**5/30 - 2*i**4/3 - 25*i**3/3 + 114*i**2. What is the tens digit of y(-22)?
0
Let q = -121 + 264. Suppose -9*l + 19 = -q. What is the tens digit of (182/(-13))/((-4)/l)?
6
Let c(d) = -d**3 + 9*d**2 + 6*d - 2. Let y be c(7). Suppose -67 = -23*t + 94. Suppose -4*f - y = -t*f. What is the units digit of f?
6
Suppose 8 = -5*k - 4*h, -h = k - 4*h - 6. Suppose 5*a - 507 + 87 = k. What is the units digit of a?
4
Let x be 52/(-6)*-122*18/24. Suppose 2963 = 3*j + 5*d - x, 5*j - d = 6260. What is the units digit of j?
2
Suppose -3*r = -4*b + 157149, 443*b - 447*b + 157093 = 5*r. What is the tens digit of b?
8
Let w = -6092 - -18487. Suppose w + 349 = 24*u. What is the units digit of u?
1
Suppose -b + 13 = -3*h, -b + 5*h = -4 - 15. What is the tens digit of (b - 2*3/2)*342?
4
Suppose -4*h + 2 = -2, 5*x - 3*h = 12. Let c(k) = 88*k - 2*k**3 + 7 - 61*k + k**x + 20*k**2. What is the hundreds digit of c(21)?
1
Let x(n) = n**3 - 2*n**2 + n + 80. Let f be x(0). Suppose -1206 = -82*o + f*o. What is the units digit of o?
3
Suppose -3*m - 15 = 0, -2*m - 26 - 14 = 5*p. Let i = -1936 - -1938. What is the units digit of -102*(3 - ((-8)/p + i))?
4
Suppose -5*q - 4*t + 101483 = 0, -114376 = -4*q - 4*t - 33196. What is the tens digit of q?
0
Suppose 0 = 4*o - 2289 - 15491. Suppose 3*x + 4*p - 2667 = 0, 2*x - o = -3*x + 3*p. What is the hundreds digit of x?
8
Let f(o) = 50 - 18 + 81 + 8*o + 10. What is the tens digit of f(-10)?
4
Suppose -288111 + 64080 = -53*z. What is the tens digit of z?
2
Suppose -7*h = 7*h + 12*h - 16250. What is the units digit of h?
5
Let u(o) = o**2 - 8*o - 16. Suppose 20*x - 18*x = -16. Let z be u(x). Let l = z - -9. What is the hundreds digit of l?
1
Suppose 3*u - 15 = 0, -333*u + 37945 = 4*s - 332*u. What is the units digit of s?
5
Suppose z + 11448 = 4*y - 14203, 0 = -3*y - z + 19233. What is the units digit of y?
2
Suppose 4*k - 5*s = 9844, 0*s + 2*s = -4*k + 9872. What is the tens digit of (-2 + (-8)/12)/((-12)/k)?
4
Let l(h) = 347*h**3 - 3*h**2 - h - 1. Let i be l(-2). Let s be (-12)/18 - i/9. Suppose 6*a = 303 + s. What is the units digit of a?
2
What is the hundreds digit of 2 + -1 + 1597356/75 + (-12)/150?
2
What is the thousands digit of (-41751)/(-2) + (8/5)/((-592)/(-185))?
0
Let z be (-1 - (-16)/12)*2*27. Suppose -7*j + z = -j. Suppose -4*l = -j*a + 179, -2*a - 118 = -4*a + 4*l. What is the tens digit of a?
6
Suppose -6937 = -t - 3*r, -2*r = -23*t + 26*t - 20832. What is the thousands digit of t?
6
Suppose 0 = 4*v - 5*z - 9824, 0 = -2*v - 0*v - z + 4898. What is the hundreds digit of v?
4
Let c be 8 - (-222)/(-27) - 58/(-18). Suppose -c*p + 2144 = 98. What is the units digit of p?
2
Let s = 1079 + -654. Let h = 713 - s. What is the tens digit of h?
8
Let x(t) = t**3 + 10*t**2 + 7*t - 15. Let c be x(-9). Suppose c*b = 4*b - 231. What is the hundreds digit of b?
2
Let o be (-78)/21 - (-8 + 174/21). What is the units digit of 164*(-9)/o + (-1 - 0)?
8
Let o = -70 - -98. Let g = -31 + o. What is the tens digit of (g - -6 - -14)*4?
6
Let o(j) = j + 31. Let u be o(-31). Let k(v) = v**3 - v**2 - v + 450. What is the hundreds digit of k(u)?
4
Let q(h) = 4*h - 117. Let z be q(30). Suppose 141 = d - 3*s - 207, -1365 = -4*d + z*s. What is the hundreds digit of d?
3
Suppose 17*b - 11*b = -12*b + 555408. What is the hundreds digit of b?
8
Let s(f) = 349*f**2 + 2*f - 2. Let u be s(1). Suppose -2226 + 354 = 9*l. Let y = u + l. What is the units digit of y?
1
Suppose 3*h - 1335 = 294. Suppose -2106 = -4*c + 5*d, -c - 21 = d - h. Suppose 3*y - 5*i - 365 - 168 = 0, 0 = -3*y - 4*i + c. What is the tens digit of y?
7
Let z = 322 + -317. Suppose 0 = z*m - 2637 - 1613. What is the hundreds digit of m?
8
Let c(l) be the second derivative of l**3/6 + 5*l**2 + 10*l. Let u be c(-5). What is the units digit of u*(1 - 288/(-20))?
7
Suppose -3*g + 165480 = 4*w, -627*w + 626*w + 2*g + 41359 = 0. What is the thousands digit of w?
1
Let i(x) be the third derivative of x**5/20 + 23*x**4/24 - 19*x**3/3 - 7*x**2 - 9. What is the tens digit of i(18)?
4
Suppose -y = j - 7930, -4*j = 24*y - 19*y - 31716. What is the units digit of j?
4
Suppose z + 27 + 275 = -a, 0 = -3*z + 3*a - 924. Let d = -65 - z. What is the units digit of d?
0
Let i be (-5 - 127) + (-9 + 5)/1. Let t = i + 888. What is the tens digit of t?
5
Let f = 35412 + -22093. Suppose 83*y - 64*y = f. What is the units digit of y?
1
What is the thousands digit of 19164/15*(-12 - (-31 + 14))?
6
Let y(a) = a**2 - a + 221. Let t be y(34). What is the hundreds digit of t - (168/7)/8?
3
Let n be 6/12 + -2 + (-442)/(-4). Suppose -5*m - 62 = 4*k + 153, -m - n = 2*k. What is the units digit of (583/k)/((-1)/5)?
3
Suppose 3*k = 55442 - 1997. What is the tens digit of k?
1
Let n = -2218 + 4637. Let l = n + -1108. What is the tens digit of l?
1
Let o = 12481 + -6968. Suppose 0 = 23*g + o - 21613. What is the tens digit of g?
0
Let j = 1 - 64. Let y = j + 394. What is the tens digit of y?
3
Let f = 8594 + -2603. What is the tens digit of f?
9
Let r be (1106/21)/(8/(-12)). Let p = 200 + r. What is the tens digit of p?
2
Suppose -222821 = -29*d - 30*d + 18253. What is the tens digit of d?
8
Let l(i) = -5*i + 6. Let r be l(2). Let m be 30/r*((-20)/(-12) - -1). Let u = 46 - m. What is the units digit of u?
6
Suppose 0 = -3*u - 2*j - 760, 42*j = 4*u + 41*j + 995. Let n = 370 + u. What is the units digit of n?
0
Suppose 185 = 2*b - 1703. Let s be (1/(-1) - (-2)/3)/((-160)/29760). Suppose s*l = 66*l - b. What is the units digit of l?
6
Let q(h) = 5*h**2 - 22*h + 21. Let o be -3 + 8 - (-5 + 0). Let a = 19 - o. What is the hundreds digit of q(a)?
2
Suppose 0 = 3*a - 3*d - 5469 - 9750, -4*a + 3*d = -20285. What is the units digit of a?
6
Let q = 41052 - 25668. What is the ten thousands digit of q?
1
Let z be 6/((-133)/70 + 2). What is the hundreds digit of (-3440)/z*(-2 + -1)?
1
Suppose -11*j = -30*j + 1216. Let z be ((-2)/4)/((-2)/(-24)). What is the units digit of z*(j/(-12) + 4)?
8
Let f(u) = u**2 - 9*u - 22. Let l be f(-8). Suppose -l*k + 3708 = -110*k. What is the units digit of k?
7
Let l = 86 + 699. Suppose 2*k + 391 = h, -2*h + l = -0*k - k. What is the units digit of h?
3
Suppose 3*v = -185*z + 180*z + 225924, -180726 = -4*z + 2*v. What is the ten thousands digit of z?
4
Let m = -3365 + 9314. What is the thousands digit of m?
5
Let s be (-10)/(-15)*75/10 + 26. Suppose -5*y + 134 = 4*h, 106 = s*y - 27*y + 2*h. What is the tens digit of y?
2
Suppose 0 = 100*j - 200*j + 6477900. What is the units digit of j?
9
Let n(v) = 3*v**2 - 14*v + 4. Let q be n(10). Let d be q*(-49)/(-7)*2/4. Suppose 14*l - 7*l - d = 0. What is the tens digit of l?
8
Let d = -849 - -1202. Let h = d + -210. Suppose -x - h = -3*r, 2*x = 3*x + 2. What is the tens digit of